r when 3022361 is divided by 12.
5
Calculate the remainder when 6061568 is divided by 61.
59
What is the remainder when 165665 is divided by 26258?
8117
Calculate the remainder when 3138 is divided by 621.
33
What is the remainder when 7274379 is divided by 2424784?
27
Calculate the remainder when 256292 is divided by 925.
67
Calculate the remainder when 44214 is divided by 378.
366
Calculate the remainder when 1832388 is divided by 1545.
18
What is the remainder when 1920359 is divided by 152?
143
Calculate the remainder when 4042424 is divided by 183729.
386
Calculate the remainder when 365702 is divided by 120530.
4112
What is the remainder when 7458735 is divided by 8081?
8053
Calculate the remainder when 152723 is divided by 76356.
11
Calculate the remainder when 196446898 is divided by 2652.
2650
Calculate the remainder when 912714 is divided by 4367.
11
Calculate the remainder when 218270 is divided by 1189.
683
What is the remainder when 3233304 is divided by 1115?
919
Calculate the remainder when 216326 is divided by 1757.
215
What is the remainder when 326783 is divided by 5668?
3707
What is the remainder when 1223392 is divided by 1850?
542
What is the remainder when 156720 is divided by 6019?
226
Calculate the remainder when 154930 is divided by 19235.
1050
Calculate the remainder when 7432712 is divided by 206463.
44
Calculate the remainder when 2974921 is divided by 34592.
9
What is the remainder when 302182 is divided by 711?
7
What is the remainder when 30467553 is divided by 844?
841
What is the remainder when 1101285 is divided by 367093?
6
Calculate the remainder when 177571 is divided by 916.
783
Calculate the remainder when 17255899 is divided by 1222.
37
Calculate the remainder when 129693118 is divided by 43231016.
70
Calculate the remainder when 455556 is divided by 220.
156
What is the remainder when 6695 is divided by 1479?
779
What is the remainder when 4585988 is divided by 1371?
1364
What is the remainder when 1061525 is divided by 106133?
195
Calculate the remainder when 618635 is divided by 452.
299
Calculate the remainder when 110141 is divided by 54906.
329
Calculate the remainder when 1326005 is divided by 815.
0
Calculate the remainder when 4114922 is divided by 205.
162
What is the remainder when 360049 is divided by 1691?
1557
What is the remainder when 1213133 is divided by 10371?
10097
Calculate the remainder when 1808110 is divided by 1807833.
277
What is the remainder when 34550567 is divided by 79?
75
What is the remainder when 32566987 is divided by 45?
37
What is the remainder when 19662349 is divided by 175?
49
What is the remainder when 487217 is divided by 178?
31
Calculate the remainder when 351649 is divided by 87837.
301
Calculate the remainder when 75664192 is divided by 3383.
14
What is the remainder when 423353 is divided by 186?
17
What is the remainder when 50556 is divided by 1293?
129
Calculate the remainder when 885319 is divided by 706.
701
Calculate the remainder when 1823189446 is divided by 11499.
11497
Calculate the remainder when 1851502 is divided by 26450.
2
What is the remainder when 103545976 is divided by 74?
70
Calculate the remainder when 598993 is divided by 74868.
49
What is the remainder when 2800474 is divided by 736?
730
What is the remainder when 164567 is divided by 1005?
752
What is the remainder when 979618 is divided by 17811?
13
Calculate the remainder when 502958 is divided by 199.
85
Calculate the remainder when 90920 is divided by 22300.
1720
What is the remainder when 8076287 is divided by 88?
87
Calculate the remainder when 247710794 is divided by 269.
261
What is the remainder when 30970 is divided by 30282?
688
What is the remainder when 101934 is divided by 49928?
2078
What is the remainder when 6014267 is divided by 1655?
1652
What is the remainder when 117491 is divided by 54697?
8097
Calculate the remainder when 91337 is divided by 181.
113
What is the remainder when 1660228 is divided by 420?
388
What is the remainder when 34415 is divided by 16170?
2075
Calculate the remainder when 72252411 is divided by 17.
14
What is the remainder when 3774510 is divided by 343137?
3
Calculate the remainder when 17435877 is divided by 585.
537
Calculate the remainder when 365933 is divided by 18296.
13
What is the remainder when 4611298 is divided by 305?
3
What is the remainder when 135139 is divided by 4780?
1299
Calculate the remainder when 316317960 is divided by 6357.
6354
Calculate the remainder when 1855125 is divided by 24.
21
What is the remainder when 145168 is divided by 4923?
2401
What is the remainder when 8376276 is divided by 119661?
6
What is the remainder when 71829 is divided by 71786?
43
Calculate the remainder when 1139251 is divided by 126583.
4
Calculate the remainder when 462007 is divided by 230449.
1109
What is the remainder when 262308 is divided by 11877?
1014
Calculate the remainder when 1013642 is divided by 5334.
182
Calculate the remainder when 270056875 is divided by 190.
185
Calculate the remainder when 105631344 is divided by 49.
35
What is the remainder when 405738 is divided by 650?
138
What is the remainder when 2940 is divided by 36?
24
What is the remainder when 423645 is divided by 12749?
2928
Calculate the remainder when 1165506 is divided by 2096.
130
What is the remainder when 3561024 is divided by 18?
12
Calculate the remainder when 3093231 is divided by 950.
31
Calculate the remainder when 50141 is divided by 8523.
7526
Calculate the remainder when 20413 is divided by 2055.
1918
Calculate the remainder when 110194 is divided by 20615.
7119
What is the remainder when 3031566 is divided by 1321?
1192
Calculate the remainder when 10077144 is divided by 73.
5
What is the remainder when 183119 is divided by 45475?
1219
What is the remainder when 16883547 is divided by 170?
167
What is the remainder when 158115 is divided by 79034?
47
Calculate the remainder when 3297760 is divided by 1573.
752
Calculate the remainder when 25375954 is divided by 2604.
2578
What is the remainder when 1364408 is divided by 47044?
132
Calculate the remainder when 133706 is divided by 180.
146
Calculate the remainder when 1340139 is divided by 223212.
867
Calculate the remainder when 75234417 is divided by 108.
105
Calculate the remainder when 206240 is divided by 1282.
1120
What is the remainder when 37433 is divided by 528?
473
What is the remainder when 17323799 is divided by 637?
584
Calculate the remainder when 51612 is divided by 6415.
292
What is the remainder when 9451571 is divided by 765?
761
Calculate the remainder when 690958 is divided by 4668.
94
Calculate the remainder when 663154 is divided by 132.
118
Calculate the remainder when 6750684 is divided by 355.
4
What is the remainder when 15380 is divided by 801?
161
Calculate the remainder when 10016199 is divided by 244.
243
What is the remainder when 1723162 is divided by 1393?
21
Calculate the remainder when 45259071 is divided by 4114457.
44
Calculate the remainder when 472947 is divided by 157647.
6
What is the remainder when 12305119 is divided by 13?
8
What is the remainder when 19590 is divided by 4091?
3226
What is the remainder when 90383 is divided by 2209?
2023
Calculate the remainder when 138454 is divided by 4292.
1110
Calculate the remainder when 140154274 is divided by 1528.
2
Calculate the remainder when 3109492 is divided by 282644.
408
Calculate the remainder when 2156077 is divided by 1077919.
239
Calculate the remainder when 93556749 is divided by 554.
553
Calculate the remainder when 21536 is divided by 4252.
276
Calculate the remainder when 623585 is divided by 8541.
92
What is the remainder when 198733 is divided by 3013?
2888
Calculate the remainder when 42808401 is divided by 43.
9
Calculate the remainder when 333846818 is divided by 5674.
6
What is the remainder when 2979615 is divided by 110356?
3
What is the remainder when 41298 is divided by 38615?
2683
Calculate the remainder when 741316 is divided by 741301.
15
What is the remainder when 16790137 is divided by 196?
189
What is the remainder when 154612013 is divided by 27?
23
Calculate the remainder when 487224 is divided by 37441.
491
Calculate the remainder when 2228638 is divided by 68.
6
Calcu